11
What is the greatest common divisor of 18 and 12?
6
What is the greatest common divisor of 323 and 85?
17
What is the highest common factor of 60 and 960?
60
What is the highest common divisor of 660 and 120?
60
Calculate the highest common divisor of 9 and 531.
9
What is the highest common divisor of 664 and 2490?
166
What is the greatest common divisor of 110 and 121?
11
What is the greatest common divisor of 49 and 4102?
7
What is the greatest common divisor of 8 and 256?
8
What is the greatest common factor of 83 and 5561?
83
What is the highest common divisor of 3 and 141?
3
What is the highest common divisor of 3264 and 1292?
68
What is the greatest common divisor of 234 and 3393?
117
Calculate the greatest common divisor of 22 and 66.
22
What is the highest common factor of 44 and 1188?
44
What is the greatest common factor of 2774 and 76?
38
What is the highest common factor of 2943 and 27?
27
What is the highest common divisor of 585 and 65?
65
Calculate the highest common divisor of 837 and 62.
31
Calculate the highest common factor of 1134 and 112.
14
Calculate the highest common factor of 4 and 28.
4
What is the greatest common factor of 8 and 296?
8
Calculate the greatest common factor of 663 and 102.
51
Calculate the highest common divisor of 117 and 507.
39
What is the highest common divisor of 37 and 6697?
37
Calculate the highest common factor of 23718 and 472.
118
Calculate the greatest common factor of 50 and 125.
25
Calculate the greatest common factor of 91 and 26.
13
Calculate the greatest common factor of 51409 and 101.
101
What is the highest common factor of 4 and 32?
4
Calculate the greatest common divisor of 2450 and 126.
14
Calculate the greatest common divisor of 10 and 99290.
10
What is the highest common divisor of 21 and 885?
3
Calculate the highest common factor of 60 and 20.
20
Calculate the greatest common divisor of 3201 and 363.
33
What is the greatest common factor of 3 and 33?
3
What is the highest common factor of 456 and 24?
24
What is the highest common factor of 40 and 260?
20
Calculate the greatest common factor of 128 and 960.
64
What is the highest common factor of 12 and 564?
12
Calculate the greatest common factor of 24 and 192.
24
Calculate the highest common divisor of 35371 and 217.
217
Calculate the highest common factor of 648 and 48.
24
What is the highest common divisor of 18 and 24?
6
Calculate the highest common divisor of 4023 and 27.
27
Calculate the greatest common factor of 112 and 32.
16
Calculate the greatest common divisor of 9 and 39294.
9
Calculate the highest common divisor of 28 and 4900.
28
Calculate the greatest common divisor of 60 and 1776.
12
What is the highest common factor of 2082 and 6?
6
Calculate the greatest common divisor of 3013 and 262.
131
What is the highest common divisor of 76 and 38?
38
Calculate the highest common divisor of 130 and 9945.
65
What is the greatest common factor of 50 and 590?
10
What is the highest common divisor of 180 and 1500?
60
Calculate the highest common divisor of 94 and 517.
47
What is the greatest common factor of 14 and 574?
14
What is the highest common divisor of 12 and 6?
6
Calculate the highest common divisor of 477 and 106.
53
Calculate the greatest common factor of 29 and 11281.
29
Calculate the highest common factor of 350 and 210.
70
Calculate the highest common divisor of 8328 and 12.
12
What is the greatest common factor of 54 and 81?
27
Calculate the greatest common divisor of 217 and 124.
31
What is the greatest common divisor of 3108 and 21?
21
What is the highest common divisor of 481 and 65?
13
What is the greatest common divisor of 75 and 165?
15
What is the highest common divisor of 736 and 23?
23
What is the highest common divisor of 208 and 6?
2
Calculate the highest common divisor of 183 and 6.
3
What is the greatest common factor of 11 and 31669?
11
What is the highest common divisor of 1081 and 47?
47
Calculate the highest common factor of 1757 and 502.
251
Calculate the highest common factor of 22 and 550.
22
Calculate the highest common factor of 742 and 14.
14
What is the highest common divisor of 83040 and 16?
16
Calculate the greatest common factor of 215 and 100.
5
What is the highest common factor of 12 and 96?
12
What is the greatest common divisor of 23 and 989?
23
Calculate the highest common divisor of 924 and 84.
84
What is the greatest common divisor of 290 and 174?
58
Calculate the highest common factor of 189 and 108.
27
What is the greatest common divisor of 9 and 10?
1
Calculate the highest common factor of 4256 and 133.
133
Calculate the highest common factor of 10 and 985.
5
Calculate the greatest common factor of 660 and 2145.
165
Calculate the highest common divisor of 265 and 1007.
53
What is the highest common factor of 249 and 39?
3
What is the greatest common divisor of 92 and 36?
4
What is the highest common factor of 104 and 468?
52
Calculate the highest common divisor of 9 and 51.
3
Calculate the highest common divisor of 22 and 242.
22
What is the highest common factor of 216 and 81?
27
What is the greatest common factor of 7 and 119?
7
What is the highest common divisor of 5770 and 20?
10
What is the greatest common divisor of 204 and 96?
12
What is the highest common divisor of 1898 and 584?
146
Calculate the highest common divisor of 2975 and 2275.
175
Calculate the greatest common divisor of 7 and 133.
7
Calculate the greatest common divisor of 11830 and 560.
70
Calculate the highest common factor of 672 and 63.
21
Calculate the highest common divisor of 6992 and 276.
92
Calculate the highest common factor of 819 and 78.
39
Calculate the greatest common factor of 3288 and 18.
6
What is the greatest common divisor of 128 and 736?
32
Calculate the highest common factor of 4544 and 64.
64
What is the greatest common factor of 12 and 60804?
12
Calculate the greatest common factor of 132 and 84.
12
Calculate the highest common factor of 1738 and 88.
22
What is the highest common divisor of 1242 and 54?
54
What is the highest common divisor of 3730 and 60?
10
What is the highest common factor of 64 and 96?
32
What is the greatest common divisor of 5 and 1140?
5
Calculate the greatest common factor of 1053 and 324.
81
Calculate the highest common factor of 98 and 1519.
49
What is the highest common factor of 1410 and 60?
30
What is the highest common factor of 9 and 171?
9
Calculate the highest common factor of 2080 and 8.
8
Calculate the greatest common factor of 48 and 16.
16
What is the greatest common factor of 116412 and 267?
267
Calculate the greatest common divisor of 83 and 664.
83
What is the highest common divisor of 496 and 1364?
124
Calculate the highest common divisor of 10 and 10645.
5
What is the greatest common divisor of 18 and 114?
6
What is the greatest common divisor of 154 and 55?
11
What is the greatest common divisor of 11 and 869?
11
What is the highest common divisor of 50 and 1240?
10
Calculate the greatest common factor of 320 and 16.
16
Calculate the greatest common divisor of 320 and 380.
20
What is the highest common divisor of 552 and 4002?
138
Calculate the greatest common divisor of 76 and 1748.
76
Calculate the greatest common factor of 88 and 1928.
8
What is the highest common factor of 304 and 2592?
16
Calculate the greatest common divisor of 19 and 68495.
19
Calculate the greatest common divisor of 552 and 72.
24
What is the highest common divisor of 10 and 37360?
10
What is the greatest common factor of 116 and 13543?
29
Calculate the greatest common divisor of 9328 and 16.
16
What is the highest common factor of 280 and 35?
35
Calculate the greatest common divisor of 4 and 773.
1
What is the greatest common factor of 2320 and 80?
80
Calculate the highest common divisor of 23 and 184.
23
What is the greatest common divisor of 24 and 48?
24
Calculate the greatest common divisor of 290 and 58.
58
Calculate the highest common factor of 123 and 82.
41
What is the greatest common divisor of 3956 and 368?
92
What is the highest common divisor of 153 and 1173?
51
Calculate the highest common factor of 500 and 375.
125
Calculate the greatest common divisor of 72 and 72.
72
Calculate the greatest common divisor of 29 and 725.
29
Calculate the grea